-5*r = -s*r + 36. What are the prime factors of r?
2, 3
Let y be -8*-1*1/2. Suppose -82 = -0*m - 2*m + 5*r, -y*r - 205 = -5*m. List the prime factors of m.
41
Suppose 13*c = -12*c + 200. What are the prime factors of c?
2
Let q be (-6168)/15 - 5/(-25). Let n = -284 - q. List the prime factors of n.
127
Let m be ((-16)/6)/(2/33). Let h = -6 - m. What are the prime factors of h?
2, 19
Let m(s) = -s**2 + s + 2. Let q be m(2). Suppose q = 3*v - 59 - 175. What are the prime factors of v?
2, 3, 13
Let j(l) = 72*l**2 + l - 2. What are the prime factors of j(-4)?
2, 3, 191
Suppose 1381 + 182 = 3*d. Suppose -o + 27 = -d. List the prime factors of (-8)/56 + o/14.
3, 13
Let q = 5162 - 1636. List the prime factors of q.
2, 41, 43
Let u(m) = -m**2 + 9*m - 9. Suppose -3*r - 13 = 2*s - 32, 0 = -s + 5*r + 3. Let l be u(s). Let g = 5 + l. What are the prime factors of g?
2
Let b be 1/(-5) - 14724/(-45). Let z = b - 232. Let q = z - 68. List the prime factors of q.
3
Suppose -4*x = -5*f - 6264, 4*f + 4061 = 5*x - 3778. What are the prime factors of x?
1571
Let o be (392/343)/(3/(42/4)). Suppose -845 = -o*u + 5*c, -5*c + 415 = -u + 3*u. List the prime factors of u.
2, 3, 5, 7
Let f(t) = 6*t + 9. Let p(w) = 7*w + 10. Let j(b) = -6*f(b) + 5*p(b). Let l be j(3). What are the prime factors of ((-2)/6)/(l/1071)?
3, 17
Let l = 1043 + -266. What are the prime factors of l?
3, 7, 37
Suppose -3*w = 3*w - 6510. List the prime factors of w.
5, 7, 31
Let p = -20 + 25. Suppose -u - p = -43. What are the prime factors of u?
2, 19
Suppose -324 + 10300 = 43*q. List the prime factors of q.
2, 29
Let d(m) = m**3 + 7*m**2 - 8*m + 15. Suppose 2*n = -3*n - 2*a - 40, -5*n - 4*a = 40. List the prime factors of d(n).
3, 5
Let x be (-6343)/(-7) - (-9)/(-63). Suppose 0 = -s + 3*c + 212, 3*s + 238 = c + x. List the prime factors of s.
2, 7
Suppose 0 = -8*n + 406 + 882. List the prime factors of n.
7, 23
Let z be (-27)/(-6)*(-1 - 3). Suppose y - 55 = -5*l, -142 - 153 = -5*y - 5*l. Let t = z + y. What are the prime factors of t?
2, 3, 7
List the prime factors of (28/12)/(5/900).
2, 3, 5, 7
Suppose 0 = -4*f + 4*j + 420, 2*f + 8*j - 4*j - 222 = 0. What are the prime factors of f?
107
Let u(w) = 3*w**2 + 2*w + 4. Let k be ((-6)/9)/((-6)/(-27)). What are the prime factors of u(k)?
5
Let l = 1070 + 382. Suppose 0 = -j - j - l. List the prime factors of 2/(-5) - j/15.
2, 3
Let g = 189 + -57. Let u = g - 83. What are the prime factors of u?
7
What are the prime factors of 146/(3/126*4)?
3, 7, 73
Let w(g) = 9*g - 31. Let k be w(14). Suppose f = 49 + k. What are the prime factors of f?
2, 3
Let s = 1193 - 178. List the prime factors of s.
5, 7, 29
Let a be -43 + 0/2*1. Let w be 66 - 13/((-26)/12). Let t = w + a. List the prime factors of t.
29
Let i(l) = -74*l. Let g be i(1). Let a = g + 42. Let k = a + 40. What are the prime factors of k?
2
Let n be (-2)/10 + (-1088)/(-40). Suppose p - n = -0*p. What are the prime factors of p?
3
Suppose -13*g + 17*g - 788 = 0. What are the prime factors of g?
197
Suppose 8 = -4*y + 20. Suppose 5*g - 5*i = 40, g + 3*g - 18 = -y*i. Suppose -11*d + 100 = -g*d. List the prime factors of d.
2, 5
Let g = 12 + 0. Let b be -4*-3*272/g. What are the prime factors of b/4 - (-7 + 5)?
2, 5, 7
What are the prime factors of ((-1)/(21/28))/((-2)/51)?
2, 17
Suppose -370 = -3*h - 34. Let a be (h/42)/(4/6). Suppose 0*v + 12 = a*v. What are the prime factors of v?
3
Suppose 0 = k - 4*k + s - 328, k - 5*s = -100. Let v = k + 188. What are the prime factors of v?
2, 3, 13
Let q(o) be the second derivative of o**5/20 + o**4/2 + 2*o**3/3 + 6*o**2 - 6*o. What are the prime factors of q(-4)?
2, 7
Let i(r) = 10*r**2 + 2*r - 1. Let p(v) = -v**2 - 10*v - 13. Let m be p(-9). Let n be ((-1)/m)/(2/8). List the prime factors of i(n).
11
Suppose -14*f + 857 = -2181. List the prime factors of f.
7, 31
Suppose 61*f = 4*f + 5985. List the prime factors of f.
3, 5, 7
Suppose 4*d - 4 = 64. Let z = d + 65. What are the prime factors of z?
2, 41
Let l(m) = -m**3 - 5*m**2 - 5*m + 2. Let y be l(-4). Suppose 2*n - y = -0*n. Suppose -n*u + 3*t + 81 = 0, -2*u - 2*t = 3*t - 61. List the prime factors of u.
2, 7
Let b = 3636 - -972. List the prime factors of b.
2, 3
Suppose -g - 3*a = -690, 5*a - 32 = -3*g + 2054. List the prime factors of g.
2, 3, 13
Let o(x) = 7 - 9 + 8*x - 3*x + 2*x**2 - 8. What are the prime factors of o(-6)?
2
Let q = 31 - 31. Suppose 3*t + 3*m - 505 - 614 = q, 0 = -3*t + 4*m + 1105. Suppose 3*r - t = -4*r. List the prime factors of r.
53
Suppose -653 = -3*b - 5*h + 632, 0 = 4*b - 2*h - 1696. List the prime factors of b.
5, 17
Let i(l) be the first derivative of 2*l**3/3 + 7*l**2 + 9*l - 55. Suppose -2*v + 3*y - 27 = 0, 3*v = -2*y - 2*y - 15. What are the prime factors of i(v)?
3, 5
Let a be 1/4 - (-108)/16. Suppose -27 + a = -5*f. Suppose -149 = -f*d + 131. List the prime factors of d.
2, 5, 7
Let c be (44/10)/((-144)/(-20) - 7). Let b be (-112)/(-18) - 6/27. Suppose -b - c = -v. What are the prime factors of v?
2, 7
Suppose -u - 27 = -0*u. List the prime factors of 12/(-2)*u/9.
2, 3
Let l(f) = -f**3 + 416. What are the prime factors of l(0)?
2, 13
Suppose -8*p = -125 - 1051. List the prime factors of p.
3, 7
Suppose -18 = -5*r + 7. Suppose -2*c + r*c = 0. Suppose 3*t + 5*g - 106 = c, 4*g = -6 - 10. List the prime factors of t.
2, 3, 7
Let y = 20 + -38. Let u = y + 23. Suppose -45 = -3*i - 0*o - 3*o, -4*o - 30 = -u*i. List the prime factors of i.
2, 5
Let v = -361 - -595. What are the prime factors of (-2)/((-24)/v) - (-1)/(-2)?
19
Suppose -369 + 63 = -m. Let f = m + -176. What are the prime factors of f?
2, 5, 13
Suppose -2*p + 572 = -4*w, -2*p + w = -635 + 57. List the prime factors of p.
2, 5, 29
What are the prime factors of 26608/96 - 10/(-12)?
2, 139
Let o(b) = b**2 + 17*b + 1. Let d be o(-11). Let x = d - -131. What are the prime factors of x?
2, 3, 11
Suppose 12*f + 225 = 17*f. Let o = 71 - f. List the prime factors of o.
2, 13
Let c be 125 - (4 + 16/(-4)). Let d = c - 55. List the prime factors of d.
2, 5, 7
Let q = 368 + -57. List the prime factors of q.
311
Suppose -3*g + 20*g = 13532. List the prime factors of g.
2, 199
Suppose -28 = 4*j + 3*n, 4*j - 3*n + 3 + 49 = 0. Let b(h) = 31*h + 5. Let i(u) = 6*u + 1. Let r(w) = 2*b(w) - 11*i(w). List the prime factors of r(j).
3, 13
Let s = -118 + 132. What are the prime factors of 1*((-10)/(-35) - (-430)/s)?
31
Suppose 7*j + 156 = -6*j. List the prime factors of -4*94/6*9/j.
47
Suppose -r - r = 100. Let q = -4 - r. Suppose 0*b = 2*b - q. List the prime factors of b.
23
Let i = -6 + 27. Suppose i*s - 272 = 17*s. What are the prime factors of s?
2, 17
Let f be -3 + (-1)/(-1) + 20. Let d(o) = 5*o + 7. What are the prime factors of d(f)?
97
Let s(j) = 4*j**2 - j - 4. Let l(y) = 11*y**2 - 4*y - 11. Suppose 9 = 4*n + 41. Let w(h) = n*s(h) + 3*l(h). What are the prime factors of w(5)?
2
Let y(b) = 5*b - 5. Let w be y(-10). Let g = w - -169. List the prime factors of g.
2, 3, 19
Suppose 275*g = 282*g - 19460. List the prime factors of g.
2, 5, 139
Let h = 20 - 61. Let m = h + 141. Suppose -3*y = -8*y + m. List the prime factors of y.
2, 5
Suppose -16*v - 22 + 198 = 0. What are the prime factors of v?
11
Suppose -4 = 4*q + v - 0, 0 = -5*q - 4*v - 16. Let i(h) = h + 100. List the prime factors of i(q).
2, 5
Let y = 12 - 17. Let d(j) = 10*j**2 + 10*j + 16. List the prime factors of d(y).
2, 3
List the prime factors of (-148)/6*(16 - 37).
2, 7, 37
Suppose -3*f + 19 + 17 = 0. Let z = 38 - 29. Let r = f - z. What are the prime factors of r?
3
Let j(x) = -x**2 - 13*x - 10. Let m be j(-12). Suppose -y - y - 3*c + 19 = 0, -4*c - 40 = -m*y. What are the prime factors of y?
2, 7
Let h be 1 + 4/((-408)/207 - -2). Suppose -g + h = -151. What are the prime factors of g?
2, 5, 29
Suppose 5*n = -5*z - 10, -2*n + z = 5 - 4. List the prime factors of 55 + 8*n/(-2).
59
Let h(y) = y**2 + 6*y + 7. Let v be h(-5). Suppose 0 = -v*f + 77 + 45. List the prime factors of f.
61
Let o(v) = 2*v**2 + 10*v + 12. Let r be o(-3). Suppose -6*h = -3*h - 5*g - 485, -2*h - 2*g + 318 = r. List the prime factors of h.
2, 5
Suppose 2*i - 5*u = -0*u + 2326, 3*u - 4704 = -4*i. List the prime factors of i.
3, 17, 23
Let b(l) = -2*l - 14. Let f be b(-9). Suppose 2*j + 4*x = 18, 4